{"id":3,"date":"2020-12-23T11:16:31","date_gmt":"2020-12-23T11:16:31","guid":{"rendered":"https:\/\/morami.cambiamarketing.it\/?page_id=3"},"modified":"2021-06-23T10:33:19","modified_gmt":"2021-06-23T10:33:19","slug":"privacy-policy","status":"publish","type":"page","link":"https:\/\/morami.it\/de\/privacy-policy\/","title":{"rendered":"Privacy Policy"},"content":{"rendered":"<div data-elementor-type=\"wp-page\" data-elementor-id=\"3\" class=\"elementor elementor-3\">\n\t\t\t\t\t\t<div class=\"elementor-inner\">\n\t\t\t\t<div class=\"elementor-section-wrap\">\n\t\t\t\t\t\t\t\t\t<section class=\"elementor-section elementor-top-section elementor-element elementor-element-64ffd3c elementor-section-boxed elementor-section-height-default elementor-section-height-default\" data-id=\"64ffd3c\" data-element_type=\"section\">\n\t\t\t\t\t\t<div class=\"elementor-container elementor-column-gap-default\">\n\t\t\t\t\t\t\t<div class=\"elementor-row\">\n\t\t\t\t\t<div class=\"elementor-column elementor-col-100 elementor-top-column elementor-element elementor-element-44896a7\" data-id=\"44896a7\" data-element_type=\"column\">\n\t\t\t<div class=\"elementor-column-wrap elementor-element-populated\">\n\t\t\t\t\t\t\t<div class=\"elementor-widget-wrap\">\n\t\t\t\t\t\t<div class=\"elementor-element elementor-element-7b63dab elementor-widget elementor-widget-heading\" data-id=\"7b63dab\" data-element_type=\"widget\" data-widget_type=\"heading.default\">\n\t\t\t\t<div class=\"elementor-widget-container\">\n\t\t\t<h2 class=\"elementor-heading-title elementor-size-default\">Privacy Policy<\/h2>\t\t<\/div>\n\t\t\t\t<\/div>\n\t\t\t\t\t\t<\/div>\n\t\t\t\t\t<\/div>\n\t\t<\/div>\n\t\t\t\t\t\t\t\t<\/div>\n\t\t\t\t\t<\/div>\n\t\t<\/section>\n\t\t\t\t<section class=\"elementor-section elementor-top-section elementor-element elementor-element-743cbc9 elementor-section-boxed elementor-section-height-default elementor-section-height-default\" data-id=\"743cbc9\" data-element_type=\"section\">\n\t\t\t\t\t\t<div class=\"elementor-container elementor-column-gap-default\">\n\t\t\t\t\t\t\t<div class=\"elementor-row\">\n\t\t\t\t\t<div class=\"elementor-column elementor-col-100 elementor-top-column elementor-element elementor-element-224ab25\" data-id=\"224ab25\" data-element_type=\"column\">\n\t\t\t<div class=\"elementor-column-wrap elementor-element-populated\">\n\t\t\t\t\t\t\t<div class=\"elementor-widget-wrap\">\n\t\t\t\t\t\t<div class=\"elementor-element elementor-element-74074c4 elementor-widget elementor-widget-text-editor\" data-id=\"74074c4\" data-element_type=\"widget\" data-widget_type=\"text-editor.default\">\n\t\t\t\t<div class=\"elementor-widget-container\">\n\t\t\t\t\t\t\t\t<div class=\"elementor-text-editor elementor-clearfix\">\n\t\t\t\t<h2><strong>Informativa per il trattamento di soli dati personali ai sensi e per gli effetti di cui all\u2019art. 13 del D.Lgs. 30 giugno 2003 n. 196<\/strong><\/h2>\n<p>In osservanza di quanto previsto dal D. Lgs. 30 giugno 2003 n. 196, siamo a fornirLe le dovute informazioni in ordine alle finalit\u00e0 e modalit\u00e0 del trattamento dei Suoi dati personali, nonch\u00e9 l\u2019ambito di comunicazione e diffusione degli stessi, alla natura dei dati in nostro possesso e del conferimento<\/p>\n<p><span style=\"color: inherit; font-family: inherit; font-size: 1.75rem; background-color: transparent;\">Finalit\u00e0 del trattamento<\/span><\/p>\n<p>Il trattamento dei dati sar\u00e0 finalizzato a:<br>a) gestire l\u2019accesso, da parte dell\u2019interessato, ai portali web del Titolare del trattamento, nonch\u00e9 la loro fruizione ed il loro utilizzo in base alle tecnologie ed agli strumenti implementati;<br>b) fornire all\u2019interessato i servizi connessi alla funzione \u201ccontattaci\u201d resa disponibile attraverso il sito web e l\u2019invio di email;<br>c) inviare informazioni ed offerte commerciali; inviare newsletter; inviare materiale pubblicitario e informativo; effettuare comunicazioni commerciali, anche interattive, ovvero per tutte quelle finalit\u00e0 a carattere commerciale e\/o statistico consentite ed utili;<\/p>\n<p><strong style=\"color: inherit; font-family: inherit; font-size: 1.5rem; background-color: transparent;\">Modalit\u00e0 del trattamento<\/strong><\/p>\n<p>Il trattamento sar\u00e0 effettuato in forma automatizzata, con strumenti elettronici e\/o cartacei ad opera di soggetti a ci\u00f2 appositamente incaricati e comprender\u00e0, nel rispetto dei limiti e delle condizioni poste dall\u2019art. 11 del D.Lgs. n.&nbsp;196\/2003,&nbsp;le operazioni previste dall\u2019art. 4, comma 1, let.a), indispensabili al trattamento in questione.<\/p>\n<p><strong style=\"color: inherit; font-family: inherit; font-size: 1.75rem; background-color: transparent;\">Ambito e finalit\u00e0 di comunicazione e diffusione<\/strong><\/p>\n<p>Potr\u00e0 venire a conoscenza dei Suoi dati il personale aziendale dipendente e\/o collaboratore appositamente nominato responsabile e\/o incaricato del trattamento ai sensi degli artt. 29 e 30 del Codice.<br>I Suoi dati personali, per le finalit\u00e0 sopra indicate, potranno essere resi disponibili a:<br>\u2013 Pubbliche autorit\u00e0, amministrazioni ed enti per gli adempimenti di legge;<br>\u2013 Rete commerciale del Titolare del trattamento<br>\u2013 Terzi che svolgono specifici incarichi di collaborazione per conto della nostra azienda a fini consulenziali, commerciali e promozionali;<br>Desideriamo, inoltre, informarLa che i Suoi dati potrebbero essere trasferiti all\u2019estero, con riferimento ad una o pi\u00f9 delle finalit\u00e0 sopra indicate; essi saranno trattati, in ogni caso, nel pieno rispetto delle disposizioni del Codice applicabili, quanto alla disciplina prevista per il trasferimento dei dati all\u2019estero.<br>I Suoi dati personali non saranno oggetto di diffusione, salvo qualora richiesto da una norma di legge o di regolamento o dalla normativa comunitaria.<\/p>\n<p><strong style=\"color: inherit; font-family: inherit; font-size: 1.75rem; background-color: transparent;\">Natura del conferimento<\/strong><\/p>\n<p>Il conferimento dei dati di cui alla lettera (a) \u00e8 libero, ma obbligatorio per l\u2019accesso alle informazioni ed alle funzionalit\u00e0 presenti sui portali web del Titolare.<br>Il conferimento dei dati di cui alla lettera (b) \u00e8 libero, ma obbligatorio per usufruire dei servizi connessi alla funzione \u201ccontattaci\u201d.<br>Il conferimento dei dati di cui alle lettere (c) e \u00e8 libero e facoltativo. Il rifiuto del consenso al relativo trattamento non comporter\u00e0 alcuna conseguenza per l\u2019interessato, salvo l\u2019impossibilit\u00e0 di usufruire del relativo servizio.<br>Il Titolare informa, inoltre, che l\u2019eventuale non comunicazione, o comunicazione errata, di informazioni obbligatorie, ha come conseguenza l\u2019impossibilit\u00e0 del Titolare di fornire i servizi richiesti.<\/p>\n<p><strong style=\"color: inherit; font-family: inherit; font-size: 1.75rem; background-color: transparent;\">Soggetti<\/strong><\/p>\n<p>Il Titolare del trattamento \u00e8:<br>Morami Sabrina, P.IVA&nbsp;<strong>IT02345360545<\/strong>, C.F&nbsp;<strong>MRMSRN71T47C309T<\/strong><\/p>\n<p>sede legale in&nbsp;<strong>Macchie \u2013 Loc. Podicerri 8 \u2013 CASTGLIONE DEL LAGO (PG).<\/strong><\/p>\n<p>Responsabile del trattamento \u00e8&nbsp; Sabrina Morami.<br>L\u2019elenco completo dei responsabili del trattamento nominati \u00e8 disponibile presso il Titolare del trattamento, ai riferimenti sopra individuati.<\/p>\n<p><strong style=\"color: inherit; font-family: inherit; font-size: 1.5rem; background-color: transparent;\">Esercizio dei diritti<\/strong><\/p>\n<p>In relazione ai dati potr\u00e0 in ogni momento esercitare i diritti previsti dall\u2019art. 7 (di cui si riporta sotto il testo integrale) nei limiti ed alle condizioni previste dagli artt. 8, 9 e 11 del D. Lgs. 30 giugno 2003 n. 196 rivolgendosi al Titolare e\/o al Responsabile del trattamento.<br>In ogni momento potr\u00e0 esercitare i Suoi diritti nei confronti del titolare del trattamento, ai sensi dell\u2019art.7 del D.lgs.196\/2003, che per Sua comodit\u00e0 riproduciamo:<br>Art. 7 del Decreto Legislativo n.196\/2003 \u201cDiritto di accesso ai dati personali ed altri diritti\u201d:<br>1. L\u2019interessato ha diritto di ottenere la conferma dell\u2019esistenza o meno di dati personali che lo riguardano, anche se non ancora registrati, e la loro comunicazione in forma intelligibile.<\/p>\n<p>2. L\u2019interessato ha diritto di ottenere l\u2019indicazione:&nbsp;<\/p>\n<p>a) dell\u2019origine dei dati personali;<\/p>\n<p><span style=\"font-size: 1rem;\">b) delle finalit\u00e0 e modalit\u00e0 del trattamento;&nbsp;<\/span><\/p>\n<p><span style=\"font-size: 1rem;\">c) della logica applicata in caso di trattamento effettuato con l\u2019ausilio di strumenti elettronici;&nbsp;<\/span><\/p>\n<p><span style=\"font-size: 1rem;\">d) degli estremi identificativi del titolare, dei responsabili e del rappresentante designato ai sensi dell\u2019articolo 5, comma&nbsp;<\/span><\/p>\n<p><span style=\"font-size: 1rem;\">e) dei soggetti o delle categorie di soggetti ai quali i dati personali possono essere comunicati o che possono venirne a conoscenza in qualit\u00e0 di rappresentante designato nel territorio dello Stato, di responsabili o incaricati.&nbsp;<\/span><\/p>\n<p><span style=\"font-size: 1rem;\">3. L\u2019interessato ha diritto di ottenere:&nbsp;<\/span><\/p>\n<p><span style=\"font-size: 1rem;\">a) l\u2019aggiornamento, la rettificazione ovvero, quando vi ha interesse, l\u2019integrazione dei dati;&nbsp;<\/span><\/p>\n<p><span style=\"font-size: 1rem;\">b) la cancellazione, la trasformazione in forma anonima o il blocco dei dati trattati in violazione di legge, compresi quelli di cui non \u00e8 necessaria la conservazione in relazione agli scopi per i quali i dati sono stati raccolti o successivamente trattati;&nbsp;<\/span><\/p>\n<p><span style=\"font-size: 1rem;\">c) l\u2019attestazione che le operazioni di cui alle lettere a) e b) sono state portate a conoscenza, anche per quanto riguarda il loro contenuto, di coloro ai quali i dati sono stati comunicati o diffusi, eccettuato il caso in cui tale adempimento si rivela impossibile o comporta un impiego di mezzi manifestamente sproporzionato rispetto al diritto tutelato.&nbsp;<\/span><\/p>\n<p><span style=\"font-size: 1rem;\">4. L\u2019interessato ha diritto di opporsi, in tutto o in parte:&nbsp;<\/span><\/p>\n<p><span style=\"font-size: 1rem;\">a) per motivi legittimi al trattamento dei dati personali che lo riguardano, ancorch\u00e9 pertinenti allo scopo della raccolta;&nbsp;<\/span><\/p>\n<p><span style=\"font-size: 1rem;\">b) al trattamento di dati personali che lo riguardano a fini di invio di materiale pubblicitario o di vendita diretta per il compimento di ricerche di mercato o di comunicazione commerciale.<\/span><\/p>\n<p><span style=\"font-size: 1rem;\"><br><\/span><\/p>\n<h1>Diritto di reclamo<\/h1><p><!-- wp:heading {\"level\":1} -->\n\n<!-- \/wp:heading -->\n\n<!-- wp:paragraph -->\n\n<!-- \/wp:paragraph --><\/p><p>Gli interessati che ritengono che il\ntrattamento dei dati personali a loro riferiti effettuato attraverso questo sito\navvenga in violazione di quanto previsto dal Regolamento hanno il diritto di\nproporre reclamo al Garante, come previsto dall&#8217;art. 77 del Regolamento stesso,\no di adire le opportune sedi giudiziarie (art. 79 del Regolamento).<\/p><p><br><\/p>\n<p><\/p>\n<p>Eventuali richieste potranno essere indirizzate a AZIENDA AGRICOLA MORAMI SABRINA (P.iva:&nbsp;IT02345360545)&nbsp;<strong>Macchie \u2013 Loc. Podicerri 8 \u2013 CASTGLIONE DEL LAGO (PG)&nbsp;<\/strong>ovvero all\u2019indirizzo PEC moramisabrina@pec.it<\/p>\n<p><br><\/p>\t\t\t\t\t<\/div>\n\t\t\t\t\t\t<\/div>\n\t\t\t\t<\/div>\n\t\t\t\t\t\t<\/div>\n\t\t\t\t\t<\/div>\n\t\t<\/div>\n\t\t\t\t\t\t\t\t<\/div>\n\t\t\t\t\t<\/div>\n\t\t<\/section>\n\t\t\t\t\t\t\t\t\t<\/div>\n\t\t\t<\/div>\n\t\t\t\t\t<\/div>","protected":false},"excerpt":{"rendered":"<p>Privacy Policy Informativa per il trattamento di soli dati personali ai sensi e per gli effetti di cui all\u2019art. 13 del D.Lgs. 30 giugno 2003 n. 196 In osservanza di quanto previsto dal D. Lgs. 30 giugno 2003 n. 196, siamo a fornirLe le dovute informazioni in ordine alle finalit\u00e0 e modalit\u00e0 del trattamento dei [&hellip;]<\/p>","protected":false},"author":1,"featured_media":0,"parent":0,"menu_order":0,"comment_status":"closed","ping_status":"open","template":"elementor_header_footer","meta":[],"_links":{"self":[{"href":"https:\/\/morami.it\/de\/wp-json\/wp\/v2\/pages\/3"}],"collection":[{"href":"https:\/\/morami.it\/de\/wp-json\/wp\/v2\/pages"}],"about":[{"href":"https:\/\/morami.it\/de\/wp-json\/wp\/v2\/types\/page"}],"author":[{"embeddable":true,"href":"https:\/\/morami.it\/de\/wp-json\/wp\/v2\/users\/1"}],"replies":[{"embeddable":true,"href":"https:\/\/morami.it\/de\/wp-json\/wp\/v2\/comments?post=3"}],"version-history":[{"count":14,"href":"https:\/\/morami.it\/de\/wp-json\/wp\/v2\/pages\/3\/revisions"}],"predecessor-version":[{"id":10798,"href":"https:\/\/morami.it\/de\/wp-json\/wp\/v2\/pages\/3\/revisions\/10798"}],"wp:attachment":[{"href":"https:\/\/morami.it\/de\/wp-json\/wp\/v2\/media?parent=3"}],"curies":[{"name":"wp","href":"https:\/\/api.w.org\/{rel}","templated":true}]}}

<div data-elementor-type="wp-page" data-elementor-id="3" class="elementor elementor-3">
						<div class="elementor-inner">
				<div class="elementor-section-wrap">
									<section class="elementor-section elementor-top-section elementor-element elementor-element-64ffd3c elementor-section-boxed elementor-section-height-default elementor-section-height-default" data-id="64ffd3c" data-element_type="section">
						<div class="elementor-container elementor-column-gap-default">
							<div class="elementor-row">
					<div class="elementor-column elementor-col-100 elementor-top-column elementor-element elementor-element-44896a7" data-id="44896a7" data-element_type="column">
			<div class="elementor-column-wrap elementor-element-populated">
							<div class="elementor-widget-wrap">
						<div class="elementor-element elementor-element-7b63dab elementor-widget elementor-widget-heading" data-id="7b63dab" data-element_type="widget" data-widget_type="heading.default">
				<div class="elementor-widget-container">
			<h2 class="elementor-heading-title elementor-size-default">Privacy Policy</h2>		</div>
				</div>
						</div>
					</div>
		</div>
								</div>
					</div>
		</section>
				<section class="elementor-section elementor-top-section elementor-element elementor-element-743cbc9 elementor-section-boxed elementor-section-height-default elementor-section-height-default" data-id="743cbc9" data-element_type="section">
						<div class="elementor-container elementor-column-gap-default">
							<div class="elementor-row">
					<div class="elementor-column elementor-col-100 elementor-top-column elementor-element elementor-element-224ab25" data-id="224ab25" data-element_type="column">
			<div class="elementor-column-wrap elementor-element-populated">
							<div class="elementor-widget-wrap">
						<div class="elementor-element elementor-element-74074c4 elementor-widget elementor-widget-text-editor" data-id="74074c4" data-element_type="widget" data-widget_type="text-editor.default">
				<div class="elementor-widget-container">
								<div class="elementor-text-editor elementor-clearfix">
				<h2><strong>Informativa per il trattamento di soli dati personali ai sensi e per gli effetti di cui all’art. 13 del D.Lgs. 30 giugno 2003 n. 196</strong></h2>
<p>In osservanza di quanto previsto dal D. Lgs. 30 giugno 2003 n. 196, siamo a fornirLe le dovute informazioni in ordine alle finalità e modalità del trattamento dei Suoi dati personali, nonché l’ambito di comunicazione e diffusione degli stessi, alla natura dei dati in nostro possesso e del conferimento</p>
<p><span style="color: inherit; font-family: inherit; font-size: 1.75rem; background-color: transparent;">Finalità del trattamento</span></p>
<p>Il trattamento dei dati sarà finalizzato a:<br>a) gestire l’accesso, da parte dell’interessato, ai portali web del Titolare del trattamento, nonché la loro fruizione ed il loro utilizzo in base alle tecnologie ed agli strumenti implementati;<br>b) fornire all’interessato i servizi connessi alla funzione “contattaci” resa disponibile attraverso il sito web e l’invio di email;<br>c) inviare informazioni ed offerte commerciali; inviare newsletter; inviare materiale pubblicitario e informativo; effettuare comunicazioni commerciali, anche interattive, ovvero per tutte quelle finalità a carattere commerciale e/o statistico consentite ed utili;</p>
<p><strong style="color: inherit; font-family: inherit; font-size: 1.5rem; background-color: transparent;">Modalità del trattamento</strong></p>
<p>Il trattamento sarà effettuato in forma automatizzata, con strumenti elettronici e/o cartacei ad opera di soggetti a ciò appositamente incaricati e comprenderà, nel rispetto dei limiti e delle condizioni poste dall’art. 11 del D.Lgs. n.&nbsp;196/2003,&nbsp;le operazioni previste dall’art. 4, comma 1, let.a), indispensabili al trattamento in questione.</p>
<p><strong style="color: inherit; font-family: inherit; font-size: 1.75rem; background-color: transparent;">Ambito e finalità di comunicazione e diffusione</strong></p>
<p>Potrà venire a conoscenza dei Suoi dati il personale aziendale dipendente e/o collaboratore appositamente nominato responsabile e/o incaricato del trattamento ai sensi degli artt. 29 e 30 del Codice.<br>I Suoi dati personali, per le finalità sopra indicate, potranno essere resi disponibili a:<br>– Pubbliche autorità, amministrazioni ed enti per gli adempimenti di legge;<br>– Rete commerciale del Titolare del trattamento<br>– Terzi che svolgono specifici incarichi di collaborazione per conto della nostra azienda a fini consulenziali, commerciali e promozionali;<br>Desideriamo, inoltre, informarLa che i Suoi dati potrebbero essere trasferiti all’estero, con riferimento ad una o più delle finalità sopra indicate; essi saranno trattati, in ogni caso, nel pieno rispetto delle disposizioni del Codice applicabili, quanto alla disciplina prevista per il trasferimento dei dati all’estero.<br>I Suoi dati personali non saranno oggetto di diffusione, salvo qualora richiesto da una norma di legge o di regolamento o dalla normativa comunitaria.</p>
<p><strong style="color: inherit; font-family: inherit; font-size: 1.75rem; background-color: transparent;">Natura del conferimento</strong></p>
<p>Il conferimento dei dati di cui alla lettera (a) è libero, ma obbligatorio per l’accesso alle informazioni ed alle funzionalità presenti sui portali web del Titolare.<br>Il conferimento dei dati di cui alla lettera (b) è libero, ma obbligatorio per usufruire dei servizi connessi alla funzione “contattaci”.<br>Il conferimento dei dati di cui alle lettere (c) e è libero e facoltativo. Il rifiuto del consenso al relativo trattamento non comporterà alcuna conseguenza per l’interessato, salvo l’impossibilità di usufruire del relativo servizio.<br>Il Titolare informa, inoltre, che l’eventuale non comunicazione, o comunicazione errata, di informazioni obbligatorie, ha come conseguenza l’impossibilità del Titolare di fornire i servizi richiesti.</p>
<p><strong style="color: inherit; font-family: inherit; font-size: 1.75rem; background-color: transparent;">Soggetti</strong></p>
<p>Il Titolare del trattamento è:<br>Morami Sabrina, P.IVA&nbsp;<strong>IT02345360545</strong>, C.F&nbsp;<strong>MRMSRN71T47C309T</strong></p>
<p>sede legale in&nbsp;<strong>Macchie – Loc. Podicerri 8 – CASTGLIONE DEL LAGO (PG).</strong></p>
<p>Responsabile del trattamento è&nbsp; Sabrina Morami.<br>L’elenco completo dei responsabili del trattamento nominati è disponibile presso il Titolare del trattamento, ai riferimenti sopra individuati.</p>
<p><strong style="color: inherit; font-family: inherit; font-size: 1.5rem; background-color: transparent;">Esercizio dei diritti</strong></p>
<p>In relazione ai dati potrà in ogni momento esercitare i diritti previsti dall’art. 7 (di cui si riporta sotto il testo integrale) nei limiti ed alle condizioni previste dagli artt. 8, 9 e 11 del D. Lgs. 30 giugno 2003 n. 196 rivolgendosi al Titolare e/o al Responsabile del trattamento.<br>In ogni momento potrà esercitare i Suoi diritti nei confronti del titolare del trattamento, ai sensi dell’art.7 del D.lgs.196/2003, che per Sua comodità riproduciamo:<br>Art. 7 del Decreto Legislativo n.196/2003 “Diritto di accesso ai dati personali ed altri diritti”:<br>1. L’interessato ha diritto di ottenere la conferma dell’esistenza o meno di dati personali che lo riguardano, anche se non ancora registrati, e la loro comunicazione in forma intelligibile.</p>
<p>2. L’interessato ha diritto di ottenere l’indicazione:&nbsp;</p>
<p>a) dell’origine dei dati personali;</p>
<p><span style="font-size: 1rem;">b) delle finalità e modalità del trattamento;&nbsp;</span></p>
<p><span style="font-size: 1rem;">c) della logica applicata in caso di trattamento effettuato con l’ausilio di strumenti elettronici;&nbsp;</span></p>
<p><span style="font-size: 1rem;">d) degli estremi identificativi del titolare, dei responsabili e del rappresentante designato ai sensi dell’articolo 5, comma&nbsp;</span></p>
<p><span style="font-size: 1rem;">e) dei soggetti o delle categorie di soggetti ai quali i dati personali possono essere comunicati o che possono venirne a conoscenza in qualità di rappresentante designato nel territorio dello Stato, di responsabili o incaricati.&nbsp;</span></p>
<p><span style="font-size: 1rem;">3. L’interessato ha diritto di ottenere:&nbsp;</span></p>
<p><span style="font-size: 1rem;">a) l’aggiornamento, la rettificazione ovvero, quando vi ha interesse, l’integrazione dei dati;&nbsp;</span></p>
<p><span style="font-size: 1rem;">b) la cancellazione, la trasformazione in forma anonima o il blocco dei dati trattati in violazione di legge, compresi quelli di cui non è necessaria la conservazione in relazione agli scopi per i quali i dati sono stati raccolti o successivamente trattati;&nbsp;</span></p>
<p><span style="font-size: 1rem;">c) l’attestazione che le operazioni di cui alle lettere a) e b) sono state portate a conoscenza, anche per quanto riguarda il loro contenuto, di coloro ai quali i dati sono stati comunicati o diffusi, eccettuato il caso in cui tale adempimento si rivela impossibile o comporta un impiego di mezzi manifestamente sproporzionato rispetto al diritto tutelato.&nbsp;</span></p>
<p><span style="font-size: 1rem;">4. L’interessato ha diritto di opporsi, in tutto o in parte:&nbsp;</span></p>
<p><span style="font-size: 1rem;">a) per motivi legittimi al trattamento dei dati personali che lo riguardano, ancorché pertinenti allo scopo della raccolta;&nbsp;</span></p>
<p><span style="font-size: 1rem;">b) al trattamento di dati personali che lo riguardano a fini di invio di materiale pubblicitario o di vendita diretta per il compimento di ricerche di mercato o di comunicazione commerciale.</span></p>
<p><span style="font-size: 1rem;"><br></span></p>
<h1>Diritto di reclamo</h1><p><!-- wp:heading {"level":1} -->

<!-- /wp:heading -->

<!-- wp:paragraph -->

<!-- /wp:paragraph --></p><p>Gli interessati che ritengono che il
trattamento dei dati personali a loro riferiti effettuato attraverso questo sito
avvenga in violazione di quanto previsto dal Regolamento hanno il diritto di
proporre reclamo al Garante, come previsto dall&#8217;art. 77 del Regolamento stesso,
o di adire le opportune sedi giudiziarie (art. 79 del Regolamento).</p><p><br></p>
<p></p>
<p>Eventuali richieste potranno essere indirizzate a AZIENDA AGRICOLA MORAMI SABRINA (P.iva:&nbsp;IT02345360545)&nbsp;<strong>Macchie – Loc. Podicerri 8 – CASTGLIONE DEL LAGO (PG)&nbsp;</strong>ovvero all’indirizzo PEC moramisabrina@pec.it</p>
<p><br></p>					</div>
						</div>
				</div>
						</div>
					</div>
		</div>
								</div>
					</div>
		</section>
									</div>
			</div>
					</div>

<p>Privacy Policy Informativa per il trattamento di soli dati personali ai sensi e per gli effetti di cui all’art. 13 del D.Lgs. 30 giugno 2003 n. 196 In osservanza di quanto previsto dal D. Lgs. 30 giugno 2003 n. 196, siamo a fornirLe le dovute informazioni in ordine alle finalità e modalità del trattamento dei [&hellip;]</p>
